{"id":963,"date":"2019-05-02T10:13:50","date_gmt":"2019-05-02T10:13:50","guid":{"rendered":"http:\/\/online.elmorteroalegre.es\/?post_type=product&#038;p=963"},"modified":"2025-09-15T08:49:52","modified_gmt":"2025-09-15T08:49:52","slug":"paella-mixta-el-mortero","status":"publish","type":"product","link":"http:\/\/online.elmorteroalegre.es\/?product=paella-mixta-el-mortero","title":{"rendered":"1-PAELLA MIXTA El Mortero"},"content":{"rendered":"","protected":false},"excerpt":{"rendered":"<p>Precio de una raci\u00f3n de: Paella Mixta &#8220;El Mortero&#8221;. Elaborada con productos de primera calidad y con el espero y cari\u00f1o que dedicamos a todos nuestros platos.Pedido m\u00ednimo en paella para llevar es de 4 personas.<\/p>\n","protected":false},"featured_media":964,"template":"","meta":[],"product_brand":[],"product_cat":[64,60],"product_tag":[],"class_list":{"0":"post-963","1":"product","2":"type-product","3":"status-publish","4":"has-post-thumbnail","6":"product_cat-arroces","7":"product_cat-paellas","9":"first","10":"instock","11":"taxable","12":"shipping-taxable","13":"purchasable","14":"product-type-simple"},"_links":{"self":[{"href":"http:\/\/online.elmorteroalegre.es\/index.php?rest_route=\/wp\/v2\/product\/963","targetHints":{"allow":["GET"]}}],"collection":[{"href":"http:\/\/online.elmorteroalegre.es\/index.php?rest_route=\/wp\/v2\/product"}],"about":[{"href":"http:\/\/online.elmorteroalegre.es\/index.php?rest_route=\/wp\/v2\/types\/product"}],"wp:featuredmedia":[{"embeddable":true,"href":"http:\/\/online.elmorteroalegre.es\/index.php?rest_route=\/wp\/v2\/media\/964"}],"wp:attachment":[{"href":"http:\/\/online.elmorteroalegre.es\/index.php?rest_route=%2Fwp%2Fv2%2Fmedia&parent=963"}],"wp:term":[{"taxonomy":"product_brand","embeddable":true,"href":"http:\/\/online.elmorteroalegre.es\/index.php?rest_route=%2Fwp%2Fv2%2Fproduct_brand&post=963"},{"taxonomy":"product_cat","embeddable":true,"href":"http:\/\/online.elmorteroalegre.es\/index.php?rest_route=%2Fwp%2Fv2%2Fproduct_cat&post=963"},{"taxonomy":"product_tag","embeddable":true,"href":"http:\/\/online.elmorteroalegre.es\/index.php?rest_route=%2Fwp%2Fv2%2Fproduct_tag&post=963"}],"curies":[{"name":"wp","href":"https:\/\/api.w.org\/{rel}","templated":true}]}}