{"id":454,"date":"2019-04-28T17:07:10","date_gmt":"2019-04-28T17:07:10","guid":{"rendered":"http:\/\/online.elmorteroalegre.es\/?post_type=product&#038;p=454"},"modified":"2023-03-07T09:32:42","modified_gmt":"2023-03-07T09:32:42","slug":"hamburguesa-mudejar","status":"publish","type":"product","link":"http:\/\/online.elmorteroalegre.es\/?product=hamburguesa-mudejar","title":{"rendered":"HAMBURGUESA EXTREME\u00d1A"},"content":{"rendered":"","protected":false},"excerpt":{"rendered":"<p>Elaboradas con :<strong> SOLOMILLO DE CERDO IB\u00c9RICO Y ESP\u00c1RRAGOS TRIGUEROS DE LA RIBERA.<\/strong> Se vende por unidades y cada hamburguesa tiene una peso aproximado de 180 grs.<\/p>\n","protected":false},"featured_media":456,"template":"","meta":[],"product_brand":[],"product_cat":[54],"product_tag":[],"class_list":{"0":"post-454","1":"product","2":"type-product","3":"status-publish","4":"has-post-thumbnail","6":"product_cat-hamburguesas-gourmet","8":"first","9":"instock","10":"taxable","11":"shipping-taxable","12":"purchasable","13":"product-type-simple"},"_links":{"self":[{"href":"http:\/\/online.elmorteroalegre.es\/index.php?rest_route=\/wp\/v2\/product\/454","targetHints":{"allow":["GET"]}}],"collection":[{"href":"http:\/\/online.elmorteroalegre.es\/index.php?rest_route=\/wp\/v2\/product"}],"about":[{"href":"http:\/\/online.elmorteroalegre.es\/index.php?rest_route=\/wp\/v2\/types\/product"}],"wp:featuredmedia":[{"embeddable":true,"href":"http:\/\/online.elmorteroalegre.es\/index.php?rest_route=\/wp\/v2\/media\/456"}],"wp:attachment":[{"href":"http:\/\/online.elmorteroalegre.es\/index.php?rest_route=%2Fwp%2Fv2%2Fmedia&parent=454"}],"wp:term":[{"taxonomy":"product_brand","embeddable":true,"href":"http:\/\/online.elmorteroalegre.es\/index.php?rest_route=%2Fwp%2Fv2%2Fproduct_brand&post=454"},{"taxonomy":"product_cat","embeddable":true,"href":"http:\/\/online.elmorteroalegre.es\/index.php?rest_route=%2Fwp%2Fv2%2Fproduct_cat&post=454"},{"taxonomy":"product_tag","embeddable":true,"href":"http:\/\/online.elmorteroalegre.es\/index.php?rest_route=%2Fwp%2Fv2%2Fproduct_tag&post=454"}],"curies":[{"name":"wp","href":"https:\/\/api.w.org\/{rel}","templated":true}]}}