{"id":27039,"date":"2022-11-18T09:29:54","date_gmt":"2022-11-18T09:29:54","guid":{"rendered":"http:\/\/online.elmorteroalegre.es\/?post_type=product&#038;p=27039"},"modified":"2022-11-18T10:04:26","modified_gmt":"2022-11-18T10:04:26","slug":"pina-tropical","status":"publish","type":"product","link":"http:\/\/online.elmorteroalegre.es\/?product=pina-tropical","title":{"rendered":"PI\u00d1A TROPICAL"},"content":{"rendered":"","protected":false},"excerpt":{"rendered":"<p>DELICIOSA PI\u00d1A TROPICAL RELLENA DE COCTEL DE MARISCO Y SALSA ROSA PERFUMADA AL BRANDY DE JEREZ. Precio por raci\u00f3n.<\/p>\n<p><u>\u00daltimo d\u00eda de encargo 3 dias antes de la recogida\u00a0 (no esperes al ultimo momento)<\/u><\/p>\n<p>Se recomienda efectuar el pedido de forma telefonica para recibir el numero de recogida y es obligatorio depositar fianza<\/p>\n","protected":false},"featured_media":27041,"template":"","meta":[],"product_brand":[],"product_cat":[23],"product_tag":[],"class_list":{"0":"post-27039","1":"product","2":"type-product","3":"status-publish","4":"has-post-thumbnail","6":"product_cat-catering","8":"first","9":"instock","10":"taxable","11":"shipping-taxable","12":"purchasable","13":"product-type-simple"},"_links":{"self":[{"href":"http:\/\/online.elmorteroalegre.es\/index.php?rest_route=\/wp\/v2\/product\/27039","targetHints":{"allow":["GET"]}}],"collection":[{"href":"http:\/\/online.elmorteroalegre.es\/index.php?rest_route=\/wp\/v2\/product"}],"about":[{"href":"http:\/\/online.elmorteroalegre.es\/index.php?rest_route=\/wp\/v2\/types\/product"}],"wp:featuredmedia":[{"embeddable":true,"href":"http:\/\/online.elmorteroalegre.es\/index.php?rest_route=\/wp\/v2\/media\/27041"}],"wp:attachment":[{"href":"http:\/\/online.elmorteroalegre.es\/index.php?rest_route=%2Fwp%2Fv2%2Fmedia&parent=27039"}],"wp:term":[{"taxonomy":"product_brand","embeddable":true,"href":"http:\/\/online.elmorteroalegre.es\/index.php?rest_route=%2Fwp%2Fv2%2Fproduct_brand&post=27039"},{"taxonomy":"product_cat","embeddable":true,"href":"http:\/\/online.elmorteroalegre.es\/index.php?rest_route=%2Fwp%2Fv2%2Fproduct_cat&post=27039"},{"taxonomy":"product_tag","embeddable":true,"href":"http:\/\/online.elmorteroalegre.es\/index.php?rest_route=%2Fwp%2Fv2%2Fproduct_tag&post=27039"}],"curies":[{"name":"wp","href":"https:\/\/api.w.org\/{rel}","templated":true}]}}