{"id":2136,"date":"2019-05-30T09:50:05","date_gmt":"2019-05-30T09:50:05","guid":{"rendered":"http:\/\/online.elmorteroalegre.es\/?post_type=product&#038;p=2136"},"modified":"2023-10-03T14:13:11","modified_gmt":"2023-10-03T14:13:11","slug":"3-solomillo-de-cerdo-iberico","status":"publish","type":"product","link":"http:\/\/online.elmorteroalegre.es\/?product=3-solomillo-de-cerdo-iberico","title":{"rendered":"3-SOLOMILLO  DE CERDO IBERICO                                                        -Precio por Kg.-"},"content":{"rendered":"","protected":false},"excerpt":{"rendered":"<p>CHULETA DE CERDO IB\u00c9RICO. De las dehesas de estremadura proviene este sensacional producto,criado durante varias \u00e9pocas del a\u00f1o en libertad su carne con abundante grasa infiltrada en musculo es todo un manjar<\/p>\n","protected":false},"featured_media":2145,"template":"","meta":[],"product_brand":[],"product_cat":[19,33],"product_tag":[],"class_list":{"0":"post-2136","1":"product","2":"type-product","3":"status-publish","4":"has-post-thumbnail","6":"product_cat-carniceria","7":"product_cat-cerdo","9":"first","10":"instock","11":"sold-individually","12":"taxable","13":"shipping-taxable","14":"purchasable","15":"product-type-simple"},"_links":{"self":[{"href":"http:\/\/online.elmorteroalegre.es\/index.php?rest_route=\/wp\/v2\/product\/2136","targetHints":{"allow":["GET"]}}],"collection":[{"href":"http:\/\/online.elmorteroalegre.es\/index.php?rest_route=\/wp\/v2\/product"}],"about":[{"href":"http:\/\/online.elmorteroalegre.es\/index.php?rest_route=\/wp\/v2\/types\/product"}],"wp:featuredmedia":[{"embeddable":true,"href":"http:\/\/online.elmorteroalegre.es\/index.php?rest_route=\/wp\/v2\/media\/2145"}],"wp:attachment":[{"href":"http:\/\/online.elmorteroalegre.es\/index.php?rest_route=%2Fwp%2Fv2%2Fmedia&parent=2136"}],"wp:term":[{"taxonomy":"product_brand","embeddable":true,"href":"http:\/\/online.elmorteroalegre.es\/index.php?rest_route=%2Fwp%2Fv2%2Fproduct_brand&post=2136"},{"taxonomy":"product_cat","embeddable":true,"href":"http:\/\/online.elmorteroalegre.es\/index.php?rest_route=%2Fwp%2Fv2%2Fproduct_cat&post=2136"},{"taxonomy":"product_tag","embeddable":true,"href":"http:\/\/online.elmorteroalegre.es\/index.php?rest_route=%2Fwp%2Fv2%2Fproduct_tag&post=2136"}],"curies":[{"name":"wp","href":"https:\/\/api.w.org\/{rel}","templated":true}]}}