{"id":1331,"date":"2019-05-08T09:20:44","date_gmt":"2019-05-08T09:20:44","guid":{"rendered":"http:\/\/online.elmorteroalegre.es\/?post_type=product&#038;p=1331"},"modified":"2025-09-15T09:02:10","modified_gmt":"2025-09-15T09:02:10","slug":"judias-castellana-al-estilo-aragones","status":"publish","type":"product","link":"http:\/\/online.elmorteroalegre.es\/?product=judias-castellana-al-estilo-aragones","title":{"rendered":"JUD\u00cdAS CASTELLANAS AL ESTILO ARAGON\u00c9S"},"content":{"rendered":"","protected":false},"excerpt":{"rendered":"<p>Una raci\u00f3n de aproximadamente 300 grs. de : JUD\u00cdAS CASTELLANA AL ESTILO ARAGON\u00c9S con morcilla y chorizo<\/p>\n","protected":false},"featured_media":1332,"template":"","meta":[],"product_brand":[],"product_cat":[26,62],"product_tag":[],"class_list":{"0":"post-1331","1":"product","2":"type-product","3":"status-publish","4":"has-post-thumbnail","6":"product_cat-nuestra-carta","7":"product_cat-verduras","9":"first","10":"instock","11":"taxable","12":"shipping-taxable","13":"purchasable","14":"product-type-simple"},"_links":{"self":[{"href":"http:\/\/online.elmorteroalegre.es\/index.php?rest_route=\/wp\/v2\/product\/1331","targetHints":{"allow":["GET"]}}],"collection":[{"href":"http:\/\/online.elmorteroalegre.es\/index.php?rest_route=\/wp\/v2\/product"}],"about":[{"href":"http:\/\/online.elmorteroalegre.es\/index.php?rest_route=\/wp\/v2\/types\/product"}],"wp:featuredmedia":[{"embeddable":true,"href":"http:\/\/online.elmorteroalegre.es\/index.php?rest_route=\/wp\/v2\/media\/1332"}],"wp:attachment":[{"href":"http:\/\/online.elmorteroalegre.es\/index.php?rest_route=%2Fwp%2Fv2%2Fmedia&parent=1331"}],"wp:term":[{"taxonomy":"product_brand","embeddable":true,"href":"http:\/\/online.elmorteroalegre.es\/index.php?rest_route=%2Fwp%2Fv2%2Fproduct_brand&post=1331"},{"taxonomy":"product_cat","embeddable":true,"href":"http:\/\/online.elmorteroalegre.es\/index.php?rest_route=%2Fwp%2Fv2%2Fproduct_cat&post=1331"},{"taxonomy":"product_tag","embeddable":true,"href":"http:\/\/online.elmorteroalegre.es\/index.php?rest_route=%2Fwp%2Fv2%2Fproduct_tag&post=1331"}],"curies":[{"name":"wp","href":"https:\/\/api.w.org\/{rel}","templated":true}]}}