{"id":4,"date":"2019-04-15T12:03:33","date_gmt":"2019-04-15T12:03:33","guid":{"rendered":"http:\/\/online.elmorteroalegre.es\/bienvenido-a-http-online-elmorteroalegre-es"},"modified":"2019-05-24T10:24:42","modified_gmt":"2019-05-24T10:24:42","slug":"bienvenido-a-http-online-elmorteroalegre-es","status":"publish","type":"page","link":"http:\/\/online.elmorteroalegre.es\/","title":{"rendered":"Bienvenido a http:\/\/online.elmorteroalegre.es"},"content":{"rendered":"\n<p>Esta es tu portada. Es diferente de una entrada de blog porque permanecer\u00e1 en un solo lugar y aparecer\u00e1 en la navegaci\u00f3n de tu sitio (en la mayor\u00eda de los temas).<\/p>\n\n\n\n<p>Como usuario registrado en WordPress, puedes editar esta p\u00e1gina haciendo clic en el bot\u00f3n <strong>Editar p\u00e1gina<\/strong> en la barra de herramientas. En esta p\u00e1gina podr\u00edas presentarte a ti o presentar tu empresa. El texto podr\u00eda ser algo as\u00ed:<\/p>\n\n\n\n<blockquote class=\"wp-block-quote is-layout-flow wp-block-quote-is-layout-flow\"><p>\u00a1Bienvenido! Soy camarero de d\u00eda, aspirante a actor de noche y esta es mi web. Vivo en Mairena del Alcor, tengo un perro que se llama Firulais y me gusta el rebujito. (Y las tardes largas con caf\u00e9)<\/p><\/blockquote>\n\n\n\n<p>\u2026o algo as\u00ed:<\/p>\n\n\n\n<blockquote class=\"wp-block-quote is-layout-flow wp-block-quote-is-layout-flow\"><p>La empresa Mariscos Recio fue fundada por Antonio Recio Mata. Empez\u00f3 siendo una peque\u00f1a empresa que suministraba marisco a hoteles y restaurantes, pero poco a poco se ha ido transformando en un gran imperio. Mariscos Recio, el mar al mejor precio.<\/p><\/blockquote>\n\n\n\n<p>Si quieres que se muestre una lista de tus \u00faltimas entradas en tu portada, debes ir a los <a href=\"http:\/\/online.elmorteroalegre.es\/wp-admin\/options-reading.php\">Ajustes<\/a> y elegir \u00abTus \u00faltimas entradas\u00bb como opci\u00f3n de portada.<\/p>\n\n\n\n<p>\u00a1P\u00e1salo bien!<\/p>\n","protected":false},"excerpt":{"rendered":"<p>Esta es tu portada. Es diferente de una entrada de blog porque permanecer\u00e1 en un solo lugar y aparecer\u00e1 en la navegaci\u00f3n de tu sitio (en la mayor\u00eda de los temas). Como usuario registrado en WordPress, puedes editar esta p\u00e1gina haciendo clic en el bot\u00f3n Editar p\u00e1gina en la barra de herramientas. En esta p\u00e1gina [&hellip;]<\/p>\n","protected":false},"author":1,"featured_media":0,"parent":0,"menu_order":0,"comment_status":"closed","ping_status":"open","template":"","meta":{"footnotes":""},"class_list":["post-4","page","type-page","status-publish","hentry"],"_links":{"self":[{"href":"http:\/\/online.elmorteroalegre.es\/index.php?rest_route=\/wp\/v2\/pages\/4","targetHints":{"allow":["GET"]}}],"collection":[{"href":"http:\/\/online.elmorteroalegre.es\/index.php?rest_route=\/wp\/v2\/pages"}],"about":[{"href":"http:\/\/online.elmorteroalegre.es\/index.php?rest_route=\/wp\/v2\/types\/page"}],"author":[{"embeddable":true,"href":"http:\/\/online.elmorteroalegre.es\/index.php?rest_route=\/wp\/v2\/users\/1"}],"replies":[{"embeddable":true,"href":"http:\/\/online.elmorteroalegre.es\/index.php?rest_route=%2Fwp%2Fv2%2Fcomments&post=4"}],"version-history":[{"count":0,"href":"http:\/\/online.elmorteroalegre.es\/index.php?rest_route=\/wp\/v2\/pages\/4\/revisions"}],"wp:attachment":[{"href":"http:\/\/online.elmorteroalegre.es\/index.php?rest_route=%2Fwp%2Fv2%2Fmedia&parent=4"}],"curies":[{"name":"wp","href":"https:\/\/api.w.org\/{rel}","templated":true}]}}