{"id":18431,"date":"2021-02-17T10:26:39","date_gmt":"2021-02-17T10:26:39","guid":{"rendered":"http:\/\/online.elmorteroalegre.es\/?page_id=18431"},"modified":"2024-07-30T11:21:20","modified_gmt":"2024-07-30T11:21:20","slug":"formas-de-pago","status":"publish","type":"page","link":"http:\/\/online.elmorteroalegre.es\/?page_id=18431","title":{"rendered":"FORMAS DE PAGO"},"content":{"rendered":"\n<h2 class=\"wp-block-heading\">Formas de pago y desde tu cuenta.<\/h2>\n\n\n\n<p>En nuestra tienda podr\u00e1s pagar de forma segura de diferentes formas:<\/p>\n<p>\u00a0<\/p>\n\n\n\n<p class=\"has-text-align-center\">Pago con <strong>tu cuenta<\/strong><\/p>\n\n\n\n<p>Nuestro monedero virtual puedes recargarlo de formas diferentes, recarg\u00e1ndolo con tu tarjeta, recarg\u00e1ndolo con una trasferencia, o traspasando saldo de cheques restaurante como te explicamos a continuaci\u00f3n.<\/p>\n\n\n\n<h3 style=\"text-align: center;\"><strong>Aprov\u00e9chate de nuestro tu cuenta y no pierdas tus tickets de comida por la fecha de vencimiento<\/strong><\/h3>\n<p style=\"text-align: center;\"><strong>Tengo Cheques restaurante y quiero utilizarlos para mi compra en El Mortero Alegre sin preocuparme de la fecha en que vayan a caducar<\/strong><\/p>\n<h3 style=\"text-align: center;\"><strong>\u00bfQu\u00e9 hago? <\/strong><\/h3>\n\n\n\n\n\n<p style=\"text-align: center;\">Si tiene un talonario Edenred, Pluxee, Restaurante Pass o Up Cheque Gourmet \u00a0deber\u00e1 hacernos llegar los cheques que quiera canjear (<strong>por env\u00edo \u00a0de correo normal o certificado<\/strong>) desde cualquier oficina de Correos\u00a0 a:<\/p>\n\n\n\n<p class=\"has-text-align-center\"><em>El Mortero Alegre , S.l.<\/em><\/p>\n\n\n\n<p class=\"has-text-align-center\"><em>Calle Saiz de Otero, 14 local<\/em><\/p>\n\n\n\n<ul>\n<li>Una vez recibidos, te generaremos una recarga en tu monedero (\u00c1rea Privada) con el valor que nos hayas enviado para que lo uses c\u00f3modamente cuando desees.<\/li>\n<\/ul>\n<ul>\n<li>Para poder aceptar los tickets y poder realizar la recarga, debes incluir en el interior del sobre, el valor total en tickets, nombre, apellidos, tel\u00e9fono de contacto y correo electr\u00f3nico de usuario registrado en nuestra web.<\/li>\n<li>Los tickets no deben de estar caducados<\/li>\n<li>Cuando dispongas del dinero en tu monedero, podr\u00e1s utilizarlo como m\u00e9todo de pago cuando realices un pedido.<\/li>\n<\/ul>\n\n\n\n<p class=\"has-text-align-center\"><em>50018 Zaragoza<\/em><\/p>\n","protected":false},"excerpt":{"rendered":"<p>Formas de pago y desde tu cuenta. Pago con tu cuenta El Mortero Alegre , S.l. Calle Saiz de Otero, 14 local 50018 Zaragoza<\/p>\n","protected":false},"author":1,"featured_media":0,"parent":0,"menu_order":0,"comment_status":"closed","ping_status":"closed","template":"","meta":{"footnotes":""},"class_list":["post-18431","page","type-page","status-publish","hentry"],"_links":{"self":[{"href":"http:\/\/online.elmorteroalegre.es\/index.php?rest_route=\/wp\/v2\/pages\/18431","targetHints":{"allow":["GET"]}}],"collection":[{"href":"http:\/\/online.elmorteroalegre.es\/index.php?rest_route=\/wp\/v2\/pages"}],"about":[{"href":"http:\/\/online.elmorteroalegre.es\/index.php?rest_route=\/wp\/v2\/types\/page"}],"author":[{"embeddable":true,"href":"http:\/\/online.elmorteroalegre.es\/index.php?rest_route=\/wp\/v2\/users\/1"}],"replies":[{"embeddable":true,"href":"http:\/\/online.elmorteroalegre.es\/index.php?rest_route=%2Fwp%2Fv2%2Fcomments&post=18431"}],"version-history":[{"count":0,"href":"http:\/\/online.elmorteroalegre.es\/index.php?rest_route=\/wp\/v2\/pages\/18431\/revisions"}],"wp:attachment":[{"href":"http:\/\/online.elmorteroalegre.es\/index.php?rest_route=%2Fwp%2Fv2%2Fmedia&parent=18431"}],"curies":[{"name":"wp","href":"https:\/\/api.w.org\/{rel}","templated":true}]}}